{"id":4155,"date":"2018-12-10T17:44:14","date_gmt":"2018-12-10T16:44:14","guid":{"rendered":"https:\/\/www.mairie-villemur-sur-tarn.fr\/site\/?page_id=4155"},"modified":"2025-01-15T11:41:57","modified_gmt":"2025-01-15T10:41:57","slug":"les-marches-de-plein-vent","status":"publish","type":"page","link":"https:\/\/www.mairie-villemur-sur-tarn.fr\/site\/vie-economique-emploi\/les-marches-de-plein-vent\/","title":{"rendered":"LES MARCH\u00c9S DE PLEIN-VENT"},"content":{"rendered":"<p>[vc_row][vc_column css=\u00a0\u00bb.vc_custom_1545149258308{margin-top: -80px !important;}\u00a0\u00bb][vc_column_text]<\/p>\n<h1><span style=\"color: #ff6600;\">3 march\u00e9s chaque semaine \u00e0 Villemur !<\/span><\/h1>\n<p><strong>Places Charles Ourgaut le samedi et le dimanche matin, et le vendredi soir \u00e0 Magnanac se d\u00e9roulent les march\u00e9s de plein vent de votre ville. <\/strong><br \/>\nFruits et l\u00e9gumes, fromages, fruits secs, viande et volaille, charcuterie, p\u00e2tisserie, fleurs, v\u00eatements, am\u00e9nagement de la maison, etc. : vous y trouverez des produits de qualit\u00e9 dans une ambiance conviviale.<\/p>\n<p><strong><a href=\"https:\/\/www.mairie-villemur-sur-tarn.fr\/site\/wp-content\/uploads\/2019\/01\/March\u00e9-5.jpg\"><img loading=\"lazy\" decoding=\"async\" class=\"aligncenter wp-image-4646 size-medium\" src=\"https:\/\/www.mairie-villemur-sur-tarn.fr\/site\/wp-content\/uploads\/2019\/01\/March\u00e9-5-750x510.jpg\" alt=\"\" width=\"750\" height=\"510\"><\/a><\/strong><\/p>\n<h2>&nbsp;<\/h2>\n<h2><span style=\"color: #003366;\">Le vendredi soir : march\u00e9 \u00e0 Magnanac<\/span><\/h2>\n<p><span style=\"color: #000000;\">de 17h \u00e0 20h sur la place du hameau<\/span><\/p>\n<h2><span style=\"color: #003366;\">Le samedi matin : march\u00e9 Place Charles Ourgaut<\/span><\/h2>\n<p>de 7h30 \u00e0 13h devant la mairie<\/p>\n<h2><span style=\"color: #003366;\">Le dimanche matin : march\u00e9 Place Charles Ourgaut<\/span><\/h2>\n<p>de 7h30 \u00e0 13h devant la mairie<\/p>\n<p><a href=\"https:\/\/www.mairie-villemur-sur-tarn.fr\/site\/wp-content\/uploads\/2019\/01\/March\u00e9-4.jpg\"><img loading=\"lazy\" decoding=\"async\" class=\"alignnone size-thumbnail wp-image-4645\" src=\"https:\/\/www.mairie-villemur-sur-tarn.fr\/site\/wp-content\/uploads\/2019\/01\/March\u00e9-4-180x180.jpg\" alt=\"\" width=\"180\" height=\"180\"><\/a><a href=\"https:\/\/www.mairie-villemur-sur-tarn.fr\/site\/wp-content\/uploads\/2019\/01\/March\u00e9-3.jpg\"><img loading=\"lazy\" decoding=\"async\" class=\"alignnone size-thumbnail wp-image-4644\" src=\"https:\/\/www.mairie-villemur-sur-tarn.fr\/site\/wp-content\/uploads\/2019\/01\/March\u00e9-3-180x180.jpg\" alt=\"\" width=\"180\" height=\"180\"><\/a><a href=\"https:\/\/www.mairie-villemur-sur-tarn.fr\/site\/wp-content\/uploads\/2019\/01\/March\u00e9-2.jpg\"><img loading=\"lazy\" decoding=\"async\" class=\"alignnone size-thumbnail wp-image-4643\" src=\"https:\/\/www.mairie-villemur-sur-tarn.fr\/site\/wp-content\/uploads\/2019\/01\/March\u00e9-2-180x180.jpg\" alt=\"\" width=\"180\" height=\"180\"><\/a><a href=\"https:\/\/www.mairie-villemur-sur-tarn.fr\/site\/wp-content\/uploads\/2019\/01\/March\u00e9-1.jpg\"><img loading=\"lazy\" decoding=\"async\" class=\"alignnone size-thumbnail wp-image-4642\" src=\"https:\/\/www.mairie-villemur-sur-tarn.fr\/site\/wp-content\/uploads\/2019\/01\/March\u00e9-1-180x180.jpg\" alt=\"\" width=\"180\" height=\"180\"><\/a><\/p>\n<hr>\n<div class=\"mceTemp\">&nbsp;<\/div>\n<h1><span style=\"color: #ff6600;\">Vous voulez vous installer sur le march\u00e9 ?<\/span><\/h1>\n<pre>Contactez la Mairie : \r\ncontact@mairie-villemur-sur-tarn.fr<\/pre>\n<p>[\/vc_column_text][\/vc_column][\/vc_row]<\/p>\n","protected":false},"excerpt":{"rendered":"<p>[vc_row][vc_column css=\u00a0\u00bb.vc_custom_1545149258308{margin-top: -80px !important;}\u00a0\u00bb][vc_column_text] 3 march\u00e9s chaque semaine \u00e0 Villemur ! Places Charles Ourgaut le samedi et le dimanche matin, et le vendredi soir \u00e0 Magnanac se d\u00e9roulent les march\u00e9s de plein vent de votre ville. Fruits et l\u00e9gumes, fromages, fruits secs, viande et volaille, charcuterie, p\u00e2tisserie, fleurs, v\u00eatements, am\u00e9nagement de la maison, etc. : [&hellip;]<\/p>\n","protected":false},"author":1,"featured_media":0,"parent":4136,"menu_order":0,"comment_status":"closed","ping_status":"closed","template":"","meta":{"_uag_custom_page_level_css":"","ngg_post_thumbnail":0,"footnotes":""},"class_list":["post-4155","page","type-page","status-publish","hentry"],"yoast_head":"<!-- This site is optimized with the Yoast SEO plugin v27.5 - https:\/\/yoast.com\/product\/yoast-seo-wordpress\/ -->\n<title>LES MARCH\u00c9S DE PLEIN-VENT - Mairie Villemur-sur-Tarn<\/title>\n<meta name=\"robots\" content=\"index, follow, max-snippet:-1, max-image-preview:large, max-video-preview:-1\" \/>\n<link rel=\"canonical\" href=\"https:\/\/www.mairie-villemur-sur-tarn.fr\/site\/vie-economique-emploi\/les-marches-de-plein-vent\/\" \/>\n<meta property=\"og:locale\" content=\"fr_FR\" \/>\n<meta property=\"og:type\" content=\"article\" \/>\n<meta property=\"og:title\" content=\"LES MARCH\u00c9S DE PLEIN-VENT - Mairie Villemur-sur-Tarn\" \/>\n<meta property=\"og:description\" content=\"[vc_row][vc_column css=\u00a0\u00bb.vc_custom_1545149258308{margin-top: -80px !important;}\u00a0\u00bb][vc_column_text] 3 march\u00e9s chaque semaine \u00e0 Villemur ! Places Charles Ourgaut le samedi et le dimanche matin, et le vendredi soir \u00e0 Magnanac se d\u00e9roulent les march\u00e9s de plein vent de votre ville. Fruits et l\u00e9gumes, fromages, fruits secs, viande et volaille, charcuterie, p\u00e2tisserie, fleurs, v\u00eatements, am\u00e9nagement de la maison, etc. : [&hellip;]\" \/>\n<meta property=\"og:url\" content=\"https:\/\/www.mairie-villemur-sur-tarn.fr\/site\/vie-economique-emploi\/les-marches-de-plein-vent\/\" \/>\n<meta property=\"og:site_name\" content=\"Mairie Villemur-sur-Tarn\" \/>\n<meta property=\"article:publisher\" content=\"https:\/\/www.facebook.com\/mairievillemursurtarn\" \/>\n<meta property=\"article:modified_time\" content=\"2025-01-15T10:41:57+00:00\" \/>\n<meta name=\"twitter:card\" content=\"summary_large_image\" \/>\n<meta name=\"twitter:label1\" content=\"Dur\u00e9e de lecture estim\u00e9e\" \/>\n\t<meta name=\"twitter:data1\" content=\"3 minutes\" \/>\n<script type=\"application\/ld+json\" class=\"yoast-schema-graph\">{\"@context\":\"https:\\\/\\\/schema.org\",\"@graph\":[{\"@type\":\"WebPage\",\"@id\":\"https:\\\/\\\/www.mairie-villemur-sur-tarn.fr\\\/site\\\/vie-economique-emploi\\\/les-marches-de-plein-vent\\\/\",\"url\":\"https:\\\/\\\/www.mairie-villemur-sur-tarn.fr\\\/site\\\/vie-economique-emploi\\\/les-marches-de-plein-vent\\\/\",\"name\":\"LES MARCH\u00c9S DE PLEIN-VENT - Mairie Villemur-sur-Tarn\",\"isPartOf\":{\"@id\":\"https:\\\/\\\/www.mairie-villemur-sur-tarn.fr\\\/site\\\/#website\"},\"datePublished\":\"2018-12-10T16:44:14+00:00\",\"dateModified\":\"2025-01-15T10:41:57+00:00\",\"breadcrumb\":{\"@id\":\"https:\\\/\\\/www.mairie-villemur-sur-tarn.fr\\\/site\\\/vie-economique-emploi\\\/les-marches-de-plein-vent\\\/#breadcrumb\"},\"inLanguage\":\"fr-FR\",\"potentialAction\":[{\"@type\":\"ReadAction\",\"target\":[\"https:\\\/\\\/www.mairie-villemur-sur-tarn.fr\\\/site\\\/vie-economique-emploi\\\/les-marches-de-plein-vent\\\/\"]}]},{\"@type\":\"BreadcrumbList\",\"@id\":\"https:\\\/\\\/www.mairie-villemur-sur-tarn.fr\\\/site\\\/vie-economique-emploi\\\/les-marches-de-plein-vent\\\/#breadcrumb\",\"itemListElement\":[{\"@type\":\"ListItem\",\"position\":1,\"name\":\"Accueil\",\"item\":\"https:\\\/\\\/www.mairie-villemur-sur-tarn.fr\\\/site\\\/\"},{\"@type\":\"ListItem\",\"position\":2,\"name\":\"VIE \u00c9CONOMIQUE &#038; EMPLOI\",\"item\":\"https:\\\/\\\/www.mairie-villemur-sur-tarn.fr\\\/site\\\/vie-economique-emploi\\\/\"},{\"@type\":\"ListItem\",\"position\":3,\"name\":\"LES MARCH\u00c9S DE PLEIN-VENT\"}]},{\"@type\":\"WebSite\",\"@id\":\"https:\\\/\\\/www.mairie-villemur-sur-tarn.fr\\\/site\\\/#website\",\"url\":\"https:\\\/\\\/www.mairie-villemur-sur-tarn.fr\\\/site\\\/\",\"name\":\"Mairie Villemur-sur-Tarn\",\"description\":\"Site officiel canton Villemur Toulouse Nord. D\u00e9marches en ligne, conseil municipal, actualit\u00e9s Villemur, Annuaire Villemur, March\u00e9s...\",\"publisher\":{\"@id\":\"https:\\\/\\\/www.mairie-villemur-sur-tarn.fr\\\/site\\\/#organization\"},\"potentialAction\":[{\"@type\":\"SearchAction\",\"target\":{\"@type\":\"EntryPoint\",\"urlTemplate\":\"https:\\\/\\\/www.mairie-villemur-sur-tarn.fr\\\/site\\\/?s={search_term_string}\"},\"query-input\":{\"@type\":\"PropertyValueSpecification\",\"valueRequired\":true,\"valueName\":\"search_term_string\"}}],\"inLanguage\":\"fr-FR\"},{\"@type\":\"Organization\",\"@id\":\"https:\\\/\\\/www.mairie-villemur-sur-tarn.fr\\\/site\\\/#organization\",\"name\":\"Mairie Villemur-sur-Tarn\",\"url\":\"https:\\\/\\\/www.mairie-villemur-sur-tarn.fr\\\/site\\\/\",\"logo\":{\"@type\":\"ImageObject\",\"inLanguage\":\"fr-FR\",\"@id\":\"https:\\\/\\\/www.mairie-villemur-sur-tarn.fr\\\/site\\\/#\\\/schema\\\/logo\\\/image\\\/\",\"url\":\"https:\\\/\\\/www.mairie-villemur-sur-tarn.fr\\\/site\\\/wp-content\\\/uploads\\\/Villemur-LOGO-carre-PNG.png\",\"contentUrl\":\"https:\\\/\\\/www.mairie-villemur-sur-tarn.fr\\\/site\\\/wp-content\\\/uploads\\\/Villemur-LOGO-carre-PNG.png\",\"width\":887,\"height\":886,\"caption\":\"Mairie Villemur-sur-Tarn\"},\"image\":{\"@id\":\"https:\\\/\\\/www.mairie-villemur-sur-tarn.fr\\\/site\\\/#\\\/schema\\\/logo\\\/image\\\/\"},\"sameAs\":[\"https:\\\/\\\/www.facebook.com\\\/mairievillemursurtarn\",\"https:\\\/\\\/www.instagram.com\\\/villemur_sur_tarn\\\/\"]}]}<\/script>\n<!-- \/ Yoast SEO plugin. -->","yoast_head_json":{"title":"LES MARCH\u00c9S DE PLEIN-VENT - Mairie Villemur-sur-Tarn","robots":{"index":"index","follow":"follow","max-snippet":"max-snippet:-1","max-image-preview":"max-image-preview:large","max-video-preview":"max-video-preview:-1"},"canonical":"https:\/\/www.mairie-villemur-sur-tarn.fr\/site\/vie-economique-emploi\/les-marches-de-plein-vent\/","og_locale":"fr_FR","og_type":"article","og_title":"LES MARCH\u00c9S DE PLEIN-VENT - Mairie Villemur-sur-Tarn","og_description":"[vc_row][vc_column css=\u00a0\u00bb.vc_custom_1545149258308{margin-top: -80px !important;}\u00a0\u00bb][vc_column_text] 3 march\u00e9s chaque semaine \u00e0 Villemur ! Places Charles Ourgaut le samedi et le dimanche matin, et le vendredi soir \u00e0 Magnanac se d\u00e9roulent les march\u00e9s de plein vent de votre ville. Fruits et l\u00e9gumes, fromages, fruits secs, viande et volaille, charcuterie, p\u00e2tisserie, fleurs, v\u00eatements, am\u00e9nagement de la maison, etc. : [&hellip;]","og_url":"https:\/\/www.mairie-villemur-sur-tarn.fr\/site\/vie-economique-emploi\/les-marches-de-plein-vent\/","og_site_name":"Mairie Villemur-sur-Tarn","article_publisher":"https:\/\/www.facebook.com\/mairievillemursurtarn","article_modified_time":"2025-01-15T10:41:57+00:00","twitter_card":"summary_large_image","twitter_misc":{"Dur\u00e9e de lecture estim\u00e9e":"3 minutes"},"schema":{"@context":"https:\/\/schema.org","@graph":[{"@type":"WebPage","@id":"https:\/\/www.mairie-villemur-sur-tarn.fr\/site\/vie-economique-emploi\/les-marches-de-plein-vent\/","url":"https:\/\/www.mairie-villemur-sur-tarn.fr\/site\/vie-economique-emploi\/les-marches-de-plein-vent\/","name":"LES MARCH\u00c9S DE PLEIN-VENT - Mairie Villemur-sur-Tarn","isPartOf":{"@id":"https:\/\/www.mairie-villemur-sur-tarn.fr\/site\/#website"},"datePublished":"2018-12-10T16:44:14+00:00","dateModified":"2025-01-15T10:41:57+00:00","breadcrumb":{"@id":"https:\/\/www.mairie-villemur-sur-tarn.fr\/site\/vie-economique-emploi\/les-marches-de-plein-vent\/#breadcrumb"},"inLanguage":"fr-FR","potentialAction":[{"@type":"ReadAction","target":["https:\/\/www.mairie-villemur-sur-tarn.fr\/site\/vie-economique-emploi\/les-marches-de-plein-vent\/"]}]},{"@type":"BreadcrumbList","@id":"https:\/\/www.mairie-villemur-sur-tarn.fr\/site\/vie-economique-emploi\/les-marches-de-plein-vent\/#breadcrumb","itemListElement":[{"@type":"ListItem","position":1,"name":"Accueil","item":"https:\/\/www.mairie-villemur-sur-tarn.fr\/site\/"},{"@type":"ListItem","position":2,"name":"VIE \u00c9CONOMIQUE &#038; EMPLOI","item":"https:\/\/www.mairie-villemur-sur-tarn.fr\/site\/vie-economique-emploi\/"},{"@type":"ListItem","position":3,"name":"LES MARCH\u00c9S DE PLEIN-VENT"}]},{"@type":"WebSite","@id":"https:\/\/www.mairie-villemur-sur-tarn.fr\/site\/#website","url":"https:\/\/www.mairie-villemur-sur-tarn.fr\/site\/","name":"Mairie Villemur-sur-Tarn","description":"Site officiel canton Villemur Toulouse Nord. D\u00e9marches en ligne, conseil municipal, actualit\u00e9s Villemur, Annuaire Villemur, March\u00e9s...","publisher":{"@id":"https:\/\/www.mairie-villemur-sur-tarn.fr\/site\/#organization"},"potentialAction":[{"@type":"SearchAction","target":{"@type":"EntryPoint","urlTemplate":"https:\/\/www.mairie-villemur-sur-tarn.fr\/site\/?s={search_term_string}"},"query-input":{"@type":"PropertyValueSpecification","valueRequired":true,"valueName":"search_term_string"}}],"inLanguage":"fr-FR"},{"@type":"Organization","@id":"https:\/\/www.mairie-villemur-sur-tarn.fr\/site\/#organization","name":"Mairie Villemur-sur-Tarn","url":"https:\/\/www.mairie-villemur-sur-tarn.fr\/site\/","logo":{"@type":"ImageObject","inLanguage":"fr-FR","@id":"https:\/\/www.mairie-villemur-sur-tarn.fr\/site\/#\/schema\/logo\/image\/","url":"https:\/\/www.mairie-villemur-sur-tarn.fr\/site\/wp-content\/uploads\/Villemur-LOGO-carre-PNG.png","contentUrl":"https:\/\/www.mairie-villemur-sur-tarn.fr\/site\/wp-content\/uploads\/Villemur-LOGO-carre-PNG.png","width":887,"height":886,"caption":"Mairie Villemur-sur-Tarn"},"image":{"@id":"https:\/\/www.mairie-villemur-sur-tarn.fr\/site\/#\/schema\/logo\/image\/"},"sameAs":["https:\/\/www.facebook.com\/mairievillemursurtarn","https:\/\/www.instagram.com\/villemur_sur_tarn\/"]}]}},"uagb_featured_image_src":{"full":false,"thumbnail":false,"medium":false,"medium_large":false,"large":false,"1536x1536":false,"2048x2048":false,"post-thumbnail":false,"winnex_medium":false,"winnex_height":false},"uagb_author_info":{"display_name":"Mairie de Villemur-sur-Tarn","author_link":"https:\/\/www.mairie-villemur-sur-tarn.fr\/site\/author\/villmurtarn_admin\/"},"uagb_comment_info":0,"uagb_excerpt":"[vc_row][vc_column css=\u00a0\u00bb.vc_custom_1545149258308{margin-top: -80px !important;}\u00a0\u00bb][vc_column_text] 3 march\u00e9s chaque semaine \u00e0 Villemur ! Places Charles Ourgaut le samedi et le dimanche matin, et le vendredi soir \u00e0 Magnanac se d\u00e9roulent les march\u00e9s de plein vent de votre ville. Fruits et l\u00e9gumes, fromages, fruits secs, viande et volaille, charcuterie, p\u00e2tisserie, fleurs, v\u00eatements, am\u00e9nagement de la maison, etc. :\u2026","_links":{"self":[{"href":"https:\/\/www.mairie-villemur-sur-tarn.fr\/site\/wp-json\/wp\/v2\/pages\/4155","targetHints":{"allow":["GET"]}}],"collection":[{"href":"https:\/\/www.mairie-villemur-sur-tarn.fr\/site\/wp-json\/wp\/v2\/pages"}],"about":[{"href":"https:\/\/www.mairie-villemur-sur-tarn.fr\/site\/wp-json\/wp\/v2\/types\/page"}],"author":[{"embeddable":true,"href":"https:\/\/www.mairie-villemur-sur-tarn.fr\/site\/wp-json\/wp\/v2\/users\/1"}],"replies":[{"embeddable":true,"href":"https:\/\/www.mairie-villemur-sur-tarn.fr\/site\/wp-json\/wp\/v2\/comments?post=4155"}],"version-history":[{"count":11,"href":"https:\/\/www.mairie-villemur-sur-tarn.fr\/site\/wp-json\/wp\/v2\/pages\/4155\/revisions"}],"predecessor-version":[{"id":16225,"href":"https:\/\/www.mairie-villemur-sur-tarn.fr\/site\/wp-json\/wp\/v2\/pages\/4155\/revisions\/16225"}],"up":[{"embeddable":true,"href":"https:\/\/www.mairie-villemur-sur-tarn.fr\/site\/wp-json\/wp\/v2\/pages\/4136"}],"wp:attachment":[{"href":"https:\/\/www.mairie-villemur-sur-tarn.fr\/site\/wp-json\/wp\/v2\/media?parent=4155"}],"curies":[{"name":"wp","href":"https:\/\/api.w.org\/{rel}","templated":true}]}}