{"id":4971,"date":"2019-01-28T11:45:19","date_gmt":"2019-01-28T10:45:19","guid":{"rendered":"https:\/\/www.mairie-villemur-sur-tarn.fr\/site\/?page_id=4971"},"modified":"2025-06-05T17:00:07","modified_gmt":"2025-06-05T15:00:07","slug":"les-partenaires-de-la-solidarite","status":"publish","type":"page","link":"https:\/\/www.mairie-villemur-sur-tarn.fr\/site\/vos-services-au-quotidien\/sante-social-solidarite\/les-partenaires-de-la-solidarite\/","title":{"rendered":"LES PARTENAIRES DE LA SOLIDARIT\u00c9"},"content":{"rendered":"<p>[vc_row][vc_column css=\u00a0\u00bb.vc_custom_1545149440029{margin-top: -80px !important;}\u00a0\u00bb][vc_column_text]<\/p>\n<h1><span style=\"color: #ff6600;\">Sant\u00e9, famille, aide sociale<\/span><\/h1>\n<h3><span style=\"color: #993366;\">La Maison des Solidarit\u00e9s<\/span><\/h3>\n<p>Les Maisons des solidarit\u00e9s sont des structures g\u00e9r\u00e9es par le Conseil d\u00e9partemental de la Haute-Garonne. Leur objectif est d&rsquo;accueillir et d&rsquo;accompagner les usagers en recherche d&#8217;emploi, les enfants et leurs familles, les seniors, les personnes en situation de handicap, les jeunes ou encore les femmes.<\/p>\n<p>Le point d&rsquo;accueil de proximit\u00e9 de Villemur est rattach\u00e9 \u00e0 la Maison des solidarit\u00e9s de Bouloc.<br \/>\n<strong>Maison des Solidarit\u00e9s de Bouloc<\/strong><br \/>\n2 rue de la gare<br \/>\n31620 Bouloc<br \/>\n<a href=\"tel:0534279494\">0534279494<\/a><br \/>\n<a href=\"mailto:mds.bouloc@cd31.fr\">mds.bouloc@cd31.fr<\/a><\/p>\n<p><strong>Point d&rsquo;accueil de proximit\u00e9 de Villemur<\/strong><br \/>\n15 avenue du G\u00e9n\u00e9ral Leclerc<br \/>\n31340 Villemur-sur-Tarn<br \/>\n<a href=\"tel:0534279498\">0534279498<\/a><\/p>\n<p><span style=\"color: #000000;\"><strong>Aide Sociale \u00e0 l\u2019Enfance et Assistantes sociales<\/strong> <\/span><br \/>\nPermanences sur rendez-vous hors p\u00e9riodes scolaires.<br \/>\nPour prendre rendez-vous contactez la Maison des Solidarit\u00e9s de Bouloc.<\/p>\n<p>Mardis de 8h30 \u00e0 12h et de 13h30 \u00e0 17h.<br \/>\nLes rendez-vous se font le matin.<\/p>\n<p><strong><span style=\"color: #000000;\">Consultations PMI 0-6 ans (m\u00e9decin et pu\u00e9ricultrice) dans le cadre de suivis uniquement.<\/span><\/strong><\/p>\n<p>Permanences sur rendez-vous hors p\u00e9riodes scolaires.<br \/>\nPour prendre rendez-vous contactez la Maison des Solidarit\u00e9s de Bouloc.<\/p>\n<p>Lundis de 8h30 \u00e0 12h.<\/p>\n<p>&nbsp;<\/p>\n<hr>\n<h1><span style=\"color: #ff6600;\">Acc\u00e8s au droit et \u00e0 la justice <\/span><\/h1>\n<h3><span style=\"color: #993366;\">Maison du droit et de la justice<\/span><\/h3>\n<p><strong>Maison du droit et de la justice de Lalande (Toulouse Nord)<\/strong><br \/>\n217 Avenue de Fronton \u2013 31200 TOULOUSE<br \/>\nTel : 05.34.42.29.50<\/p>\n<p>Bus : 60-69, Arr\u00eat : Richet<br \/>\nM\u00e9tro : ligne B, Arr\u00eat : La Vache<\/p>\n<h4><span style=\"color: #008000;\">Horaires d\u2019ouverture :<\/span><\/h4>\n<p><strong>Lundi \u2013 Mardi \u2013 Mercredi \u2013 Jeudi<\/strong> : 9h-12h \/ 13h \u00e0 17h30<br \/>\n<strong>Vendredi<\/strong>&nbsp;: 9h-12h \/ 13h \u00e0 17h<\/p>\n<hr>\n<h1><span style=\"color: #ff6600;\">Aide aux victimes<\/span><\/h1>\n<h3><span style=\"color: #993366;\">Le Service d\u2019Aide aux Victimes et de M\u00e9diation (SAVIM)<\/span><\/h3>\n<p><strong>SAVIM<\/strong><br \/>\n49 bd Lascrosses \u2013 31000 TOULOUSE<br \/>\n05.62.30.09.82<br \/>\n<a href=\"mailto:s.a.v.i.m@wanadoo.fr\">&nbsp;s.a.v.i.m@wanadoo.fr<\/a><br \/>\n<em>Sur rendez-vous<\/em><\/p>\n<hr>\n<h1><span style=\"color: #ff6600;\">Aide au logement<\/span><\/h1>\n<h3><span style=\"color: #993366;\">L\u2019agence d\u00e9partementale d\u2019Information sur le Logement (ADIL)<\/span><\/h3>\n<p><strong>ADIL<\/strong><br \/>\n9 rue Saint-Antoine du Taur<br \/>\n31000 TOULOUSE<br \/>\n05.61.22.46.22<br \/>\n<em>Sur rendez-vous le 1er vendredi du mois de 9h \u00e0 12h \u00e0 la MJD au 05 34 42 29 50<\/em><\/p>\n<hr>\n<h1><span style=\"color: #ff6600;\">Personnes \u00e2g\u00e9es d\u00e9pendantes<\/span><\/h1>\n<h3><span style=\"color: #993366;\">Association Cantonale d\u2019Emplois Familiaux (ACEF)<\/span><\/h3>\n<p><strong>ACEF<\/strong><br \/>\nPr\u00e9sident : Jacques FAURE<br \/>\nDirectrice : Anne-Marie TRIAIRE-SVOBODNY<br \/>\n05.61.09.71.30<br \/>\n<a href=\"mailto:a.c.e.f@acef-asso.fr\">a.c.e.f@acef-asso.fr<\/a><\/p>\n<hr>\n<h3><span style=\"color: #993366;\">Aide aux m\u00e8res, familles et personnes \u00e2g\u00e9es d\u00e9pendantes (AMFPAD)<\/span><\/h3>\n<p><strong>Association AMFPAD<\/strong><br \/>\nMireille PASUT<br \/>\n05.34.45.06.20<br \/>\n<a href=\"mailto:contact@amfpad.fr\">contact@amfpad.fr<\/a><\/p>\n<hr>\n<h1><span style=\"color: #ff6600;\">\u00c9ducation Routi\u00e8re<\/span><\/h1>\n<h3><span style=\"color: #993366;\">Agir pour l\u2019Education Routi\u00e8re (AER)<\/span><\/h3>\n<p><strong>Association AER<\/strong><br \/>\nDamien MASSAT<br \/>\n06.37.59.33.90<br \/>\n<a href=\"mailto:asconduite@orange.fr\">asconduite@orange.fr<\/a><\/p>\n<hr>\n<h1><span style=\"color: #ff6600;\">Aide alimentaire<\/span><\/h1>\n<h3><span style=\"color: #993366;\">Le panier Villemurien<\/span><\/h3>\n<p><strong>Association Le Panier Villemurien&nbsp;<\/strong><br \/>\nS\u00e9bastien Gimenez<br \/>\n06.28.94.41.99<br \/>\n<a href=\"mailto:paniervillemurien@gmail.com\">paniervillemurien@gmail.com<\/a>[\/vc_column_text][\/vc_column][\/vc_row]<\/p>\n","protected":false},"excerpt":{"rendered":"<p>[vc_row][vc_column css=\u00a0\u00bb.vc_custom_1545149440029{margin-top: -80px !important;}\u00a0\u00bb][vc_column_text] Sant\u00e9, famille, aide sociale La Maison des Solidarit\u00e9s Les Maisons des solidarit\u00e9s sont des structures g\u00e9r\u00e9es par le Conseil d\u00e9partemental de la Haute-Garonne. Leur objectif est d&rsquo;accueillir et d&rsquo;accompagner les usagers en recherche d&#8217;emploi, les enfants et leurs familles, les seniors, les personnes en situation de handicap, les jeunes ou encore [&hellip;]<\/p>\n","protected":false},"author":1,"featured_media":0,"parent":4085,"menu_order":0,"comment_status":"closed","ping_status":"closed","template":"","meta":{"_uag_custom_page_level_css":"","ngg_post_thumbnail":0,"footnotes":""},"class_list":["post-4971","page","type-page","status-publish","hentry"],"yoast_head":"<!-- This site is optimized with the Yoast SEO plugin v27.3 - https:\/\/yoast.com\/product\/yoast-seo-wordpress\/ -->\n<title>LES PARTENAIRES DE LA SOLIDARIT\u00c9 - Mairie Villemur-sur-Tarn<\/title>\n<meta name=\"robots\" content=\"index, follow, max-snippet:-1, max-image-preview:large, max-video-preview:-1\" \/>\n<link rel=\"canonical\" href=\"https:\/\/www.mairie-villemur-sur-tarn.fr\/site\/vos-services-au-quotidien\/sante-social-solidarite\/les-partenaires-de-la-solidarite\/\" \/>\n<meta property=\"og:locale\" content=\"fr_FR\" \/>\n<meta property=\"og:type\" content=\"article\" \/>\n<meta property=\"og:title\" content=\"LES PARTENAIRES DE LA SOLIDARIT\u00c9 - Mairie Villemur-sur-Tarn\" \/>\n<meta property=\"og:description\" content=\"[vc_row][vc_column css=\u00a0\u00bb.vc_custom_1545149440029{margin-top: -80px !important;}\u00a0\u00bb][vc_column_text] Sant\u00e9, famille, aide sociale La Maison des Solidarit\u00e9s Les Maisons des solidarit\u00e9s sont des structures g\u00e9r\u00e9es par le Conseil d\u00e9partemental de la Haute-Garonne. Leur objectif est d&rsquo;accueillir et d&rsquo;accompagner les usagers en recherche d&#8217;emploi, les enfants et leurs familles, les seniors, les personnes en situation de handicap, les jeunes ou encore [&hellip;]\" \/>\n<meta property=\"og:url\" content=\"https:\/\/www.mairie-villemur-sur-tarn.fr\/site\/vos-services-au-quotidien\/sante-social-solidarite\/les-partenaires-de-la-solidarite\/\" \/>\n<meta property=\"og:site_name\" content=\"Mairie Villemur-sur-Tarn\" \/>\n<meta property=\"article:publisher\" content=\"https:\/\/www.facebook.com\/mairievillemursurtarn\" \/>\n<meta property=\"article:modified_time\" content=\"2025-06-05T15:00:07+00:00\" \/>\n<meta name=\"twitter:card\" content=\"summary_large_image\" \/>\n<meta name=\"twitter:label1\" content=\"Dur\u00e9e de lecture estim\u00e9e\" \/>\n\t<meta name=\"twitter:data1\" content=\"2 minutes\" \/>\n<script type=\"application\/ld+json\" class=\"yoast-schema-graph\">{\"@context\":\"https:\\\/\\\/schema.org\",\"@graph\":[{\"@type\":\"WebPage\",\"@id\":\"https:\\\/\\\/www.mairie-villemur-sur-tarn.fr\\\/site\\\/vos-services-au-quotidien\\\/sante-social-solidarite\\\/les-partenaires-de-la-solidarite\\\/\",\"url\":\"https:\\\/\\\/www.mairie-villemur-sur-tarn.fr\\\/site\\\/vos-services-au-quotidien\\\/sante-social-solidarite\\\/les-partenaires-de-la-solidarite\\\/\",\"name\":\"LES PARTENAIRES DE LA SOLIDARIT\u00c9 - Mairie Villemur-sur-Tarn\",\"isPartOf\":{\"@id\":\"https:\\\/\\\/www.mairie-villemur-sur-tarn.fr\\\/site\\\/#website\"},\"datePublished\":\"2019-01-28T10:45:19+00:00\",\"dateModified\":\"2025-06-05T15:00:07+00:00\",\"breadcrumb\":{\"@id\":\"https:\\\/\\\/www.mairie-villemur-sur-tarn.fr\\\/site\\\/vos-services-au-quotidien\\\/sante-social-solidarite\\\/les-partenaires-de-la-solidarite\\\/#breadcrumb\"},\"inLanguage\":\"fr-FR\",\"potentialAction\":[{\"@type\":\"ReadAction\",\"target\":[\"https:\\\/\\\/www.mairie-villemur-sur-tarn.fr\\\/site\\\/vos-services-au-quotidien\\\/sante-social-solidarite\\\/les-partenaires-de-la-solidarite\\\/\"]}]},{\"@type\":\"BreadcrumbList\",\"@id\":\"https:\\\/\\\/www.mairie-villemur-sur-tarn.fr\\\/site\\\/vos-services-au-quotidien\\\/sante-social-solidarite\\\/les-partenaires-de-la-solidarite\\\/#breadcrumb\",\"itemListElement\":[{\"@type\":\"ListItem\",\"position\":1,\"name\":\"Accueil\",\"item\":\"https:\\\/\\\/www.mairie-villemur-sur-tarn.fr\\\/site\\\/\"},{\"@type\":\"ListItem\",\"position\":2,\"name\":\"VOS SERVICES AU QUOTIDIEN\",\"item\":\"https:\\\/\\\/www.mairie-villemur-sur-tarn.fr\\\/site\\\/vos-services-au-quotidien\\\/\"},{\"@type\":\"ListItem\",\"position\":3,\"name\":\"SANT\u00c9, SOCIAL &#038; SOLIDARIT\u00c9\",\"item\":\"https:\\\/\\\/www.mairie-villemur-sur-tarn.fr\\\/site\\\/vos-services-au-quotidien\\\/sante-social-solidarite\\\/\"},{\"@type\":\"ListItem\",\"position\":4,\"name\":\"LES PARTENAIRES DE LA SOLIDARIT\u00c9\"}]},{\"@type\":\"WebSite\",\"@id\":\"https:\\\/\\\/www.mairie-villemur-sur-tarn.fr\\\/site\\\/#website\",\"url\":\"https:\\\/\\\/www.mairie-villemur-sur-tarn.fr\\\/site\\\/\",\"name\":\"Mairie Villemur-sur-Tarn\",\"description\":\"Site officiel canton Villemur Toulouse Nord. D\u00e9marches en ligne, conseil municipal, actualit\u00e9s Villemur, Annuaire Villemur, March\u00e9s...\",\"publisher\":{\"@id\":\"https:\\\/\\\/www.mairie-villemur-sur-tarn.fr\\\/site\\\/#organization\"},\"potentialAction\":[{\"@type\":\"SearchAction\",\"target\":{\"@type\":\"EntryPoint\",\"urlTemplate\":\"https:\\\/\\\/www.mairie-villemur-sur-tarn.fr\\\/site\\\/?s={search_term_string}\"},\"query-input\":{\"@type\":\"PropertyValueSpecification\",\"valueRequired\":true,\"valueName\":\"search_term_string\"}}],\"inLanguage\":\"fr-FR\"},{\"@type\":\"Organization\",\"@id\":\"https:\\\/\\\/www.mairie-villemur-sur-tarn.fr\\\/site\\\/#organization\",\"name\":\"Mairie Villemur-sur-Tarn\",\"url\":\"https:\\\/\\\/www.mairie-villemur-sur-tarn.fr\\\/site\\\/\",\"logo\":{\"@type\":\"ImageObject\",\"inLanguage\":\"fr-FR\",\"@id\":\"https:\\\/\\\/www.mairie-villemur-sur-tarn.fr\\\/site\\\/#\\\/schema\\\/logo\\\/image\\\/\",\"url\":\"https:\\\/\\\/www.mairie-villemur-sur-tarn.fr\\\/site\\\/wp-content\\\/uploads\\\/Villemur-LOGO-carre-PNG.png\",\"contentUrl\":\"https:\\\/\\\/www.mairie-villemur-sur-tarn.fr\\\/site\\\/wp-content\\\/uploads\\\/Villemur-LOGO-carre-PNG.png\",\"width\":887,\"height\":886,\"caption\":\"Mairie Villemur-sur-Tarn\"},\"image\":{\"@id\":\"https:\\\/\\\/www.mairie-villemur-sur-tarn.fr\\\/site\\\/#\\\/schema\\\/logo\\\/image\\\/\"},\"sameAs\":[\"https:\\\/\\\/www.facebook.com\\\/mairievillemursurtarn\",\"https:\\\/\\\/www.instagram.com\\\/villemur_sur_tarn\\\/\"]}]}<\/script>\n<!-- \/ Yoast SEO plugin. -->","yoast_head_json":{"title":"LES PARTENAIRES DE LA SOLIDARIT\u00c9 - Mairie Villemur-sur-Tarn","robots":{"index":"index","follow":"follow","max-snippet":"max-snippet:-1","max-image-preview":"max-image-preview:large","max-video-preview":"max-video-preview:-1"},"canonical":"https:\/\/www.mairie-villemur-sur-tarn.fr\/site\/vos-services-au-quotidien\/sante-social-solidarite\/les-partenaires-de-la-solidarite\/","og_locale":"fr_FR","og_type":"article","og_title":"LES PARTENAIRES DE LA SOLIDARIT\u00c9 - Mairie Villemur-sur-Tarn","og_description":"[vc_row][vc_column css=\u00a0\u00bb.vc_custom_1545149440029{margin-top: -80px !important;}\u00a0\u00bb][vc_column_text] Sant\u00e9, famille, aide sociale La Maison des Solidarit\u00e9s Les Maisons des solidarit\u00e9s sont des structures g\u00e9r\u00e9es par le Conseil d\u00e9partemental de la Haute-Garonne. Leur objectif est d&rsquo;accueillir et d&rsquo;accompagner les usagers en recherche d&#8217;emploi, les enfants et leurs familles, les seniors, les personnes en situation de handicap, les jeunes ou encore [&hellip;]","og_url":"https:\/\/www.mairie-villemur-sur-tarn.fr\/site\/vos-services-au-quotidien\/sante-social-solidarite\/les-partenaires-de-la-solidarite\/","og_site_name":"Mairie Villemur-sur-Tarn","article_publisher":"https:\/\/www.facebook.com\/mairievillemursurtarn","article_modified_time":"2025-06-05T15:00:07+00:00","twitter_card":"summary_large_image","twitter_misc":{"Dur\u00e9e de lecture estim\u00e9e":"2 minutes"},"schema":{"@context":"https:\/\/schema.org","@graph":[{"@type":"WebPage","@id":"https:\/\/www.mairie-villemur-sur-tarn.fr\/site\/vos-services-au-quotidien\/sante-social-solidarite\/les-partenaires-de-la-solidarite\/","url":"https:\/\/www.mairie-villemur-sur-tarn.fr\/site\/vos-services-au-quotidien\/sante-social-solidarite\/les-partenaires-de-la-solidarite\/","name":"LES PARTENAIRES DE LA SOLIDARIT\u00c9 - Mairie Villemur-sur-Tarn","isPartOf":{"@id":"https:\/\/www.mairie-villemur-sur-tarn.fr\/site\/#website"},"datePublished":"2019-01-28T10:45:19+00:00","dateModified":"2025-06-05T15:00:07+00:00","breadcrumb":{"@id":"https:\/\/www.mairie-villemur-sur-tarn.fr\/site\/vos-services-au-quotidien\/sante-social-solidarite\/les-partenaires-de-la-solidarite\/#breadcrumb"},"inLanguage":"fr-FR","potentialAction":[{"@type":"ReadAction","target":["https:\/\/www.mairie-villemur-sur-tarn.fr\/site\/vos-services-au-quotidien\/sante-social-solidarite\/les-partenaires-de-la-solidarite\/"]}]},{"@type":"BreadcrumbList","@id":"https:\/\/www.mairie-villemur-sur-tarn.fr\/site\/vos-services-au-quotidien\/sante-social-solidarite\/les-partenaires-de-la-solidarite\/#breadcrumb","itemListElement":[{"@type":"ListItem","position":1,"name":"Accueil","item":"https:\/\/www.mairie-villemur-sur-tarn.fr\/site\/"},{"@type":"ListItem","position":2,"name":"VOS SERVICES AU QUOTIDIEN","item":"https:\/\/www.mairie-villemur-sur-tarn.fr\/site\/vos-services-au-quotidien\/"},{"@type":"ListItem","position":3,"name":"SANT\u00c9, SOCIAL &#038; SOLIDARIT\u00c9","item":"https:\/\/www.mairie-villemur-sur-tarn.fr\/site\/vos-services-au-quotidien\/sante-social-solidarite\/"},{"@type":"ListItem","position":4,"name":"LES PARTENAIRES DE LA SOLIDARIT\u00c9"}]},{"@type":"WebSite","@id":"https:\/\/www.mairie-villemur-sur-tarn.fr\/site\/#website","url":"https:\/\/www.mairie-villemur-sur-tarn.fr\/site\/","name":"Mairie Villemur-sur-Tarn","description":"Site officiel canton Villemur Toulouse Nord. D\u00e9marches en ligne, conseil municipal, actualit\u00e9s Villemur, Annuaire Villemur, March\u00e9s...","publisher":{"@id":"https:\/\/www.mairie-villemur-sur-tarn.fr\/site\/#organization"},"potentialAction":[{"@type":"SearchAction","target":{"@type":"EntryPoint","urlTemplate":"https:\/\/www.mairie-villemur-sur-tarn.fr\/site\/?s={search_term_string}"},"query-input":{"@type":"PropertyValueSpecification","valueRequired":true,"valueName":"search_term_string"}}],"inLanguage":"fr-FR"},{"@type":"Organization","@id":"https:\/\/www.mairie-villemur-sur-tarn.fr\/site\/#organization","name":"Mairie Villemur-sur-Tarn","url":"https:\/\/www.mairie-villemur-sur-tarn.fr\/site\/","logo":{"@type":"ImageObject","inLanguage":"fr-FR","@id":"https:\/\/www.mairie-villemur-sur-tarn.fr\/site\/#\/schema\/logo\/image\/","url":"https:\/\/www.mairie-villemur-sur-tarn.fr\/site\/wp-content\/uploads\/Villemur-LOGO-carre-PNG.png","contentUrl":"https:\/\/www.mairie-villemur-sur-tarn.fr\/site\/wp-content\/uploads\/Villemur-LOGO-carre-PNG.png","width":887,"height":886,"caption":"Mairie Villemur-sur-Tarn"},"image":{"@id":"https:\/\/www.mairie-villemur-sur-tarn.fr\/site\/#\/schema\/logo\/image\/"},"sameAs":["https:\/\/www.facebook.com\/mairievillemursurtarn","https:\/\/www.instagram.com\/villemur_sur_tarn\/"]}]}},"uagb_featured_image_src":{"full":false,"thumbnail":false,"medium":false,"medium_large":false,"large":false,"1536x1536":false,"2048x2048":false,"post-thumbnail":false,"winnex_medium":false,"winnex_height":false},"uagb_author_info":{"display_name":"Mairie de Villemur-sur-Tarn","author_link":"https:\/\/www.mairie-villemur-sur-tarn.fr\/site\/author\/villmurtarn_admin\/"},"uagb_comment_info":0,"uagb_excerpt":"[vc_row][vc_column css=\u00a0\u00bb.vc_custom_1545149440029{margin-top: -80px !important;}\u00a0\u00bb][vc_column_text] Sant\u00e9, famille, aide sociale La Maison des Solidarit\u00e9s Les Maisons des solidarit\u00e9s sont des structures g\u00e9r\u00e9es par le Conseil d\u00e9partemental de la Haute-Garonne. Leur objectif est d&rsquo;accueillir et d&rsquo;accompagner les usagers en recherche d&#8217;emploi, les enfants et leurs familles, les seniors, les personnes en situation de handicap, les jeunes ou encore\u2026","_links":{"self":[{"href":"https:\/\/www.mairie-villemur-sur-tarn.fr\/site\/wp-json\/wp\/v2\/pages\/4971","targetHints":{"allow":["GET"]}}],"collection":[{"href":"https:\/\/www.mairie-villemur-sur-tarn.fr\/site\/wp-json\/wp\/v2\/pages"}],"about":[{"href":"https:\/\/www.mairie-villemur-sur-tarn.fr\/site\/wp-json\/wp\/v2\/types\/page"}],"author":[{"embeddable":true,"href":"https:\/\/www.mairie-villemur-sur-tarn.fr\/site\/wp-json\/wp\/v2\/users\/1"}],"replies":[{"embeddable":true,"href":"https:\/\/www.mairie-villemur-sur-tarn.fr\/site\/wp-json\/wp\/v2\/comments?post=4971"}],"version-history":[{"count":5,"href":"https:\/\/www.mairie-villemur-sur-tarn.fr\/site\/wp-json\/wp\/v2\/pages\/4971\/revisions"}],"predecessor-version":[{"id":17292,"href":"https:\/\/www.mairie-villemur-sur-tarn.fr\/site\/wp-json\/wp\/v2\/pages\/4971\/revisions\/17292"}],"up":[{"embeddable":true,"href":"https:\/\/www.mairie-villemur-sur-tarn.fr\/site\/wp-json\/wp\/v2\/pages\/4085"}],"wp:attachment":[{"href":"https:\/\/www.mairie-villemur-sur-tarn.fr\/site\/wp-json\/wp\/v2\/media?parent=4971"}],"curies":[{"name":"wp","href":"https:\/\/api.w.org\/{rel}","templated":true}]}}